rs of 682173?
3, 75797
List the prime factors of 12123403.
631, 19213
List the prime factors of 2399550.
2, 3, 5, 17, 941
List the prime factors of 72324.
2, 3, 7, 41
List the prime factors of 19615999.
13, 19, 41, 149
What are the prime factors of 6101616?
2, 3, 317, 401
List the prime factors of 474504.
2, 3, 17, 1163
What are the prime factors of 14733435?
3, 5, 227, 4327
List the prime factors of 176336.
2, 103, 107
What are the prime factors of 195847?
151, 1297
List the prime factors of 1310344.
2, 7, 23399
What are the prime factors of 31413?
3, 37, 283
What are the prime factors of 1932022?
2, 966011
What are the prime factors of 3902271?
3, 439, 2963
List the prime factors of 7078500.
2, 3, 5, 11, 13
List the prime factors of 210424.
2, 29, 907
List the prime factors of 810466.
2, 311, 1303
List the prime factors of 15853451.
103, 149, 1033
List the prime factors of 2072183.
47, 44089
What are the prime factors of 3181660?
2, 5, 257, 619
List the prime factors of 2113066.
2, 17, 19, 3271
List the prime factors of 4720945.
5, 41, 23029
List the prime factors of 1845812.
2, 19, 149, 163
What are the prime factors of 1702953?
3, 7, 27031
What are the prime factors of 7209325?
5, 53, 5441
List the prime factors of 54393.
3, 18131
List the prime factors of 10544342.
2, 29, 137, 1327
What are the prime factors of 137821?
283, 487
List the prime factors of 5354199.
3, 594911
List the prime factors of 3028589.
61, 131, 379
List the prime factors of 177256.
2, 22157
List the prime factors of 11060087.
31, 47, 7591
List the prime factors of 2037289.
31, 65719
List the prime factors of 20654231.
13, 149, 10663
List the prime factors of 20877907.
20877907
List the prime factors of 91457.
91457
What are the prime factors of 1434313?
521, 2753
What are the prime factors of 3126171?
3, 29, 35933
List the prime factors of 3315170.
2, 5, 17, 19501
List the prime factors of 45772.
2, 11443
List the prime factors of 14523783.
3, 4841261
What are the prime factors of 782828?
2, 23, 67, 127
What are the prime factors of 3332151?
3, 167, 739
List the prime factors of 9997794.
2, 3, 71, 7823
What are the prime factors of 164586?
2, 3, 27431
What are the prime factors of 883477?
7, 126211
What are the prime factors of 254524?
2, 17, 19, 197
What are the prime factors of 2750612?
2, 61, 11273
What are the prime factors of 346003?
7, 49429
What are the prime factors of 177401?
7, 25343
What are the prime factors of 933?
3, 311
What are the prime factors of 1505862?
2, 3, 269, 311
What are the prime factors of 299922?
2, 3, 7, 37, 193
What are the prime factors of 19259200?
2, 5, 12037
What are the prime factors of 119716?
2, 173
What are the prime factors of 12169926?
2, 3, 17, 491
List the prime factors of 132804.
2, 3, 7, 17, 31
List the prime factors of 4639454.
2, 2319727
List the prime factors of 8950127.
1627, 5501
What are the prime factors of 168814?
2, 84407
What are the prime factors of 69571?
29, 2399
List the prime factors of 5496442.
2, 7, 419, 937
List the prime factors of 13251682.
2, 6625841
List the prime factors of 4236443.
613, 6911
List the prime factors of 7070287.
7, 29, 1201
What are the prime factors of 16425221?
16425221
List the prime factors of 7053003.
3, 29, 61, 443
List the prime factors of 18567674.
2, 19, 25717
What are the prime factors of 184760?
2, 5, 31, 149
What are the prime factors of 254325?
3, 5, 3391
List the prime factors of 2055105.
3, 5, 13, 1171
List the prime factors of 4519683.
3, 7, 71741
List the prime factors of 13994714.
2, 6997357
What are the prime factors of 8567205?
3, 5, 571147
List the prime factors of 571753.
7, 13, 61, 103
What are the prime factors of 130081?
7, 18583
List the prime factors of 608671.
7, 89, 977
What are the prime factors of 7001829?
3, 173, 1499
What are the prime factors of 121531?
121531
List the prime factors of 2454662.
2, 7, 175333
What are the prime factors of 19317?
3, 47, 137
List the prime factors of 8455448.
2, 967, 1093
List the prime factors of 8037176.
2, 7, 29, 101
What are the prime factors of 20414684?
2, 5103671
List the prime factors of 1665057.
3, 73, 7603
What are the prime factors of 207887?
449, 463
What are the prime factors of 579111?
3, 13, 31, 479
What are the prime factors of 247748?
2, 241, 257
List the prime factors of 1599638.
2, 101, 7919
List the prime factors of 108118.
2, 54059
What are the prime factors of 1719785?
5, 19, 43, 421
List the prime factors of 531604.
2, 347, 383
What are the prime factors of 303018?
2, 3, 50503
What are the prime factors of 700824?
2, 3, 29201
List the prime factors of 18566442.
2, 3, 343823
What are the prime factors of 246443?
59, 4177
List the prime factors of 330027.
3, 23, 4783
What are the prime factors of 398879?
13, 61, 503
List the prime factors of 23235623.
23235623
What are the prime factors of 27466745?
5, 5493349
List the prime factors of 624600.
2, 3, 5, 347
What are the prime factors of 12644258?
2, 11, 52249
List the prime factors of 348251.
19, 18329
List the prime factors of 715586.
2, 357793
What are the prime factors of 546597?
3, 60733
What are the prime factors of 903488?
2, 19, 743
List the prime factors of 1114767.
3, 123863
What are the prime factors of 14409882?
2, 3, 800549
List the prime factors of 148022.
2, 7, 97, 109
What are the prime factors of 18986118?
2, 3, 3164353
What are the prime factors of 140644?
2, 7, 5023
List the prime factors of 214017.
3, 71339
What are the prime factors of 2357835?
3, 5, 157189
List the prime factors of 751989.
3, 7, 35809
List the prime factors of 459939.
3, 153313
List the prime factors of 1396312.
2, 17, 10267
List the prime factors of 22250859.
3, 29, 255757
What are the prime factors of 4841490?
2, 3, 5, 71, 2273
What are the prime factors of 86652?
2, 3, 29, 83
What are the prime factors of 13711782?
2, 3, 7, 137, 2383
List the prime factors of 842991.
3, 280997
List the prime factors of 22272.
2, 3, 29
List the prime factors of 2435367.
3, 11, 6709
List the prime factors of 10793970.
2, 3, 5, 11, 10903
What are the prime factors of 1895664?
2, 3, 73, 541
List the prime factors of 5050641.
3, 967, 1741
List the prime factors of 49613.
49613
List the prime factors of 1771264.
2, 11, 17, 37
What are the prime factors of 215885?
5, 43177
What are the prime factors of 5466646?
2, 233, 11731
What are the prime factors of 5815188?
2, 3, 163, 991
List the prime factors of 20095.
5, 4019
What are the prime factors of 224528?
2, 14033
List the prime factors of 210283.
210283
What are the prime factors of 1807778?
2, 7, 129127
What are the prime factors of 3356298?
2, 3, 11, 23, 67
What are the prime factors of 540009?
3, 29, 2069
List the prime factors of 425697.
3, 17, 491
What are the prime factors of 1335248?
2, 17, 4909
List the prime factors of 559020.
2, 3, 5, 7, 11
List the prime factors of 10985184.
2, 3, 7, 5449
List the prime factors of 855004.
2, 213751
What are the prime factors of 14425275?
3, 5, 19, 53, 191
What are the prime factors of 681210?
2, 3, 5, 29
What are the prime factors of 497057?
11, 73, 619
What are the prime factors of 1751937?
3, 11, 53089
List the prime factors of 3239488.
2, 7, 1033
List the prime factors of 223699.
7, 31957
What are the prime factors of 396123?
3, 7, 13, 1451
List the prime factors of 7354211.
41, 181, 991
List the prime factors of 5513156.
2, 11, 125299
What are the prime factors of 763092?
2, 3, 11, 41, 47
What are the prime factors of 6626466?
2, 3, 7, 11, 683
List the prime factors of 21944581.
21944581
What are the prime factors of 4048524?
2, 3, 112459
List the prime factors of 14596303.
1889, 7727
List the prime factors of 1104597.
3, 13, 1049
List the prime factors of 730169.
11, 41, 1619
What are the prime factors of 307312?
2, 19207
What are the prime factors of 152633?
13, 59, 199
What are the prime factors of 493121?
493121
List the prime factors of 68372.
2, 17093
List the prime factors of 689569.
37, 18637
What are the prime factors of 507590?
2, 5, 193, 263
What are the prime factors of 137196?
2, 3, 37, 103
What are the prime factors of 413148?
2, 3, 34429
What are the prime factors of 845517?
3, 281839
List the prime factors of 7305978.
2, 3, 1217663
List the prime factors of 16852228.
